{"id":16,"date":"2023-11-20T10:19:42","date_gmt":"2023-11-20T09:19:42","guid":{"rendered":"https:\/\/homedeco3d.com\/?page_id=16"},"modified":"2023-12-02T13:38:58","modified_gmt":"2023-12-02T12:38:58","slug":"conception","status":"publish","type":"page","link":"https:\/\/homedeco3d.com\/index.php\/conception\/","title":{"rendered":"Concept"},"content":{"rendered":"<style>.kb-row-layout-id16_38c3ca-78 > .kt-row-column-wrap{align-content:start;}:where(.kb-row-layout-id16_38c3ca-78 > .kt-row-column-wrap) > .wp-block-kadence-column{justify-content:start;}.kb-row-layout-id16_38c3ca-78 > .kt-row-column-wrap{column-gap:var(--global-kb-gap-md, 2rem);row-gap:var(--global-kb-gap-md, 2rem);padding-top:var(--global-kb-spacing-sm, 1.5rem);padding-bottom:var(--global-kb-spacing-sm, 1.5rem);grid-template-columns:minmax(0, 1fr);}.kb-row-layout-id16_38c3ca-78 > .kt-row-layout-overlay{opacity:0.30;}@media all and (max-width: 1024px){.kb-row-layout-id16_38c3ca-78 > .kt-row-column-wrap{grid-template-columns:minmax(0, 1fr);}}@media all and (max-width: 767px){.kb-row-layout-id16_38c3ca-78 > .kt-row-column-wrap{grid-template-columns:minmax(0, 1fr);}}<\/style><div class=\"kb-row-layout-wrap kb-row-layout-id16_38c3ca-78 alignnone wp-block-kadence-rowlayout\"><div class=\"kt-row-column-wrap kt-has-1-columns kt-row-layout-equal kt-tab-layout-inherit kt-mobile-layout-row kt-row-valign-top\">\n<style>.kadence-column16_ddb334-1f > .kt-inside-inner-col,.kadence-column16_ddb334-1f > .kt-inside-inner-col:before{border-top-left-radius:0px;border-top-right-radius:0px;border-bottom-right-radius:0px;border-bottom-left-radius:0px;}.kadence-column16_ddb334-1f > .kt-inside-inner-col{column-gap:var(--global-kb-gap-sm, 1rem);}.kadence-column16_ddb334-1f > .kt-inside-inner-col{flex-direction:column;}.kadence-column16_ddb334-1f > .kt-inside-inner-col > .aligncenter{width:100%;}.kadence-column16_ddb334-1f > .kt-inside-inner-col:before{opacity:0.3;}.kadence-column16_ddb334-1f{position:relative;}@media all and (max-width: 1024px){.kadence-column16_ddb334-1f > .kt-inside-inner-col{flex-direction:column;}}@media all and (max-width: 767px){.kadence-column16_ddb334-1f > .kt-inside-inner-col{flex-direction:column;}}<\/style>\n<div class=\"wp-block-kadence-column kadence-column16_ddb334-1f\"><div class=\"kt-inside-inner-col\"><\/div><\/div>\n\n\n<style>.kadence-column16_47812c-08 > .kt-inside-inner-col,.kadence-column16_47812c-08 > .kt-inside-inner-col:before{border-top-left-radius:0px;border-top-right-radius:0px;border-bottom-right-radius:0px;border-bottom-left-radius:0px;}.kadence-column16_47812c-08 > .kt-inside-inner-col{column-gap:var(--global-kb-gap-sm, 1rem);}.kadence-column16_47812c-08 > .kt-inside-inner-col{flex-direction:column;}.kadence-column16_47812c-08 > .kt-inside-inner-col > .aligncenter{width:100%;}.kadence-column16_47812c-08 > .kt-inside-inner-col:before{opacity:0.3;}.kadence-column16_47812c-08{position:relative;}@media all and (max-width: 1024px){.kadence-column16_47812c-08 > .kt-inside-inner-col{flex-direction:column;}}@media all and (max-width: 767px){.kadence-column16_47812c-08 > .kt-inside-inner-col{flex-direction:column;}}<\/style>\n<div class=\"wp-block-kadence-column kadence-column16_47812c-08\"><div class=\"kt-inside-inner-col\"><style>.wp-block-kadence-advancedheading.kt-adv-heading16_896bf3-b0, .wp-block-kadence-advancedheading.kt-adv-heading16_896bf3-b0[data-kb-block=\"kb-adv-heading16_896bf3-b0\"]{text-align:center;font-size:22px;font-style:normal;color:#62737b;}.wp-block-kadence-advancedheading.kt-adv-heading16_896bf3-b0 mark, .wp-block-kadence-advancedheading.kt-adv-heading16_896bf3-b0[data-kb-block=\"kb-adv-heading16_896bf3-b0\"] mark{font-style:normal;color:#f76a0c;padding-top:0px;padding-right:0px;padding-bottom:0px;padding-left:0px;}<\/style>\n<h2 class=\"kt-adv-heading16_896bf3-b0 wp-block-kadence-advancedheading\" data-kb-block=\"kb-adv-heading16_896bf3-b0\">Depuis plusieurs ann\u00e9es, l&#8217;impact du changement climatique sur notre quotidien nous am\u00e8ne \u00e0 repenser notre fa\u00e7on de consommer.<\/h2>\n<\/div><\/div>\n\n<\/div><\/div>\n\n<style>.kb-row-layout-id16_b3564c-df > .kt-row-column-wrap{align-content:center;}:where(.kb-row-layout-id16_b3564c-df > .kt-row-column-wrap) > .wp-block-kadence-column{justify-content:center;}.kb-row-layout-id16_b3564c-df > .kt-row-column-wrap{column-gap:var(--global-kb-gap-md, 2rem);row-gap:var(--global-kb-gap-md, 2rem);padding-top:var(--global-kb-spacing-sm, 1.5rem);padding-bottom:var(--global-kb-spacing-sm, 1.5rem);grid-template-columns:repeat(4, minmax(0, 1fr));}.kb-row-layout-id16_b3564c-df > .kt-row-layout-overlay{opacity:0.30;}@media all and (max-width: 1024px){.kb-row-layout-id16_b3564c-df > .kt-row-column-wrap{grid-template-columns:repeat(4, minmax(0, 1fr));}}@media all and (max-width: 767px){.kb-row-layout-id16_b3564c-df > .kt-row-column-wrap{grid-template-columns:minmax(0, 1fr);}}<\/style><div class=\"kb-row-layout-wrap kb-row-layout-id16_b3564c-df aligncenter wp-block-kadence-rowlayout\"><div class=\"kt-row-column-wrap kt-has-4-columns kt-row-layout-equal kt-tab-layout-inherit kt-mobile-layout-row kt-row-valign-middle\">\n<style>.kadence-column16_dabfdb-b0 > .kt-inside-inner-col,.kadence-column16_dabfdb-b0 > .kt-inside-inner-col:before{border-top-left-radius:0px;border-top-right-radius:0px;border-bottom-right-radius:0px;border-bottom-left-radius:0px;}.kadence-column16_dabfdb-b0 > .kt-inside-inner-col{column-gap:var(--global-kb-gap-sm, 1rem);}.kadence-column16_dabfdb-b0 > .kt-inside-inner-col{flex-direction:column;}.kadence-column16_dabfdb-b0 > .kt-inside-inner-col > .aligncenter{width:100%;}.kadence-column16_dabfdb-b0 > .kt-inside-inner-col:before{opacity:0.3;}.kadence-column16_dabfdb-b0{position:relative;}@media all and (max-width: 1024px){.kadence-column16_dabfdb-b0 > .kt-inside-inner-col{flex-direction:column;}}@media all and (max-width: 767px){.kadence-column16_dabfdb-b0 > .kt-inside-inner-col{flex-direction:column;}}<\/style>\n<div class=\"wp-block-kadence-column kadence-column16_dabfdb-b0\"><div class=\"kt-inside-inner-col\"><\/div><\/div>\n\n\n<style>.kadence-column16_a1e082-4f > .kt-inside-inner-col,.kadence-column16_a1e082-4f > .kt-inside-inner-col:before{border-top-left-radius:0px;border-top-right-radius:0px;border-bottom-right-radius:0px;border-bottom-left-radius:0px;}.kadence-column16_a1e082-4f > .kt-inside-inner-col{column-gap:var(--global-kb-gap-sm, 1rem);}.kadence-column16_a1e082-4f > .kt-inside-inner-col{flex-direction:column;}.kadence-column16_a1e082-4f > .kt-inside-inner-col > .aligncenter{width:100%;}.kadence-column16_a1e082-4f > .kt-inside-inner-col:before{opacity:0.3;}.kadence-column16_a1e082-4f{position:relative;}@media all and (max-width: 1024px){.kadence-column16_a1e082-4f > .kt-inside-inner-col{flex-direction:column;}}@media all and (max-width: 767px){.kadence-column16_a1e082-4f > .kt-inside-inner-col{flex-direction:column;}}<\/style>\n<div class=\"wp-block-kadence-column kadence-column16_a1e082-4f\"><div class=\"kt-inside-inner-col\"><style>.kb-image16_30b6f3-f5.kb-image-is-ratio-size, .kb-image16_30b6f3-f5 .kb-image-is-ratio-size{max-width:303px;width:100%;}.wp-block-kadence-column > .kt-inside-inner-col > .kb-image16_30b6f3-f5.kb-image-is-ratio-size, .wp-block-kadence-column > .kt-inside-inner-col > .kb-image16_30b6f3-f5 .kb-image-is-ratio-size{align-self:unset;}.kb-image16_30b6f3-f5 figure{max-width:303px;}.kb-image16_30b6f3-f5 .image-is-svg, .kb-image16_30b6f3-f5 .image-is-svg img{width:100%;}.kb-image16_30b6f3-f5 .kb-image-has-overlay:after{opacity:0.3;}.kb-image16_30b6f3-f5 img.kb-img, .kb-image16_30b6f3-f5 .kb-img img{border-top-left-radius:20px;border-top-right-radius:20px;border-bottom-right-radius:20px;border-bottom-left-radius:20px;box-shadow:0px 0px 14px 0px rgba(0, 0, 0, 0.2);}<\/style>\n<div class=\"wp-block-kadence-image kb-image16_30b6f3-f5\"><figure class=\"aligncenter size-large kb-image-is-ratio-size\"><div class=\"kb-is-ratio-image kb-image-ratio-land43\"><img loading=\"lazy\" decoding=\"async\" width=\"576\" height=\"1024\" src=\"https:\/\/homedeco3d.com\/wp-content\/uploads\/2023\/12\/BE0832B1-3FD5-4B46-9617-A5A35A08D591-576x1024.jpg\" alt=\"\" class=\"kb-img wp-image-322\" srcset=\"https:\/\/homedeco3d.com\/wp-content\/uploads\/2023\/12\/BE0832B1-3FD5-4B46-9617-A5A35A08D591-576x1024.jpg 576w, https:\/\/homedeco3d.com\/wp-content\/uploads\/2023\/12\/BE0832B1-3FD5-4B46-9617-A5A35A08D591-169x300.jpg 169w, https:\/\/homedeco3d.com\/wp-content\/uploads\/2023\/12\/BE0832B1-3FD5-4B46-9617-A5A35A08D591-768x1365.jpg 768w, https:\/\/homedeco3d.com\/wp-content\/uploads\/2023\/12\/BE0832B1-3FD5-4B46-9617-A5A35A08D591-864x1536.jpg 864w, https:\/\/homedeco3d.com\/wp-content\/uploads\/2023\/12\/BE0832B1-3FD5-4B46-9617-A5A35A08D591-1152x2048.jpg 1152w, https:\/\/homedeco3d.com\/wp-content\/uploads\/2023\/12\/BE0832B1-3FD5-4B46-9617-A5A35A08D591-scaled.jpg 1440w\" sizes=\"(max-width: 576px) 100vw, 576px\" \/><\/div><\/figure><\/div>\n<\/div><\/div>\n\n\n<style>.kadence-column16_0bbada-e7 > .kt-inside-inner-col,.kadence-column16_0bbada-e7 > .kt-inside-inner-col:before{border-top-left-radius:0px;border-top-right-radius:0px;border-bottom-right-radius:0px;border-bottom-left-radius:0px;}.kadence-column16_0bbada-e7 > .kt-inside-inner-col{column-gap:var(--global-kb-gap-sm, 1rem);}.kadence-column16_0bbada-e7 > .kt-inside-inner-col{flex-direction:column;}.kadence-column16_0bbada-e7 > .kt-inside-inner-col > .aligncenter{width:100%;}.kadence-column16_0bbada-e7 > .kt-inside-inner-col:before{opacity:0.3;}.kadence-column16_0bbada-e7{position:relative;}@media all and (max-width: 1024px){.kadence-column16_0bbada-e7 > .kt-inside-inner-col{flex-direction:column;}}@media all and (max-width: 767px){.kadence-column16_0bbada-e7 > .kt-inside-inner-col{flex-direction:column;}}<\/style>\n<div class=\"wp-block-kadence-column kadence-column16_0bbada-e7\"><div class=\"kt-inside-inner-col\"><style>.wp-block-kadence-advancedheading.kt-adv-heading16_00b8fe-43, .wp-block-kadence-advancedheading.kt-adv-heading16_00b8fe-43[data-kb-block=\"kb-adv-heading16_00b8fe-43\"]{max-width:988px;margin-right:auto;margin-left:auto;text-align:center;font-size:22px;font-style:normal;color:#62737b;}.wp-block-kadence-advancedheading.kt-adv-heading16_00b8fe-43 mark, .wp-block-kadence-advancedheading.kt-adv-heading16_00b8fe-43[data-kb-block=\"kb-adv-heading16_00b8fe-43\"] mark{font-style:normal;color:#f76a0c;padding-top:0px;padding-right:0px;padding-bottom:0px;padding-left:0px;}<\/style>\n<h2 class=\"kt-adv-heading16_00b8fe-43 wp-block-kadence-advancedheading\" data-kb-block=\"kb-adv-heading16_00b8fe-43\">Gr\u00e2ce \u00e0 l&#8217;impression 3D, la d\u00e9coration peut enfin rimer avec \u00e9co-responsabilit\u00e9<\/h2>\n<\/div><\/div>\n\n\n<style>.kadence-column16_d062c6-9f > .kt-inside-inner-col,.kadence-column16_d062c6-9f > .kt-inside-inner-col:before{border-top-left-radius:0px;border-top-right-radius:0px;border-bottom-right-radius:0px;border-bottom-left-radius:0px;}.kadence-column16_d062c6-9f > .kt-inside-inner-col{column-gap:var(--global-kb-gap-sm, 1rem);}.kadence-column16_d062c6-9f > .kt-inside-inner-col{flex-direction:column;}.kadence-column16_d062c6-9f > .kt-inside-inner-col > .aligncenter{width:100%;}.kadence-column16_d062c6-9f > .kt-inside-inner-col:before{opacity:0.3;}.kadence-column16_d062c6-9f{position:relative;}@media all and (max-width: 1024px){.kadence-column16_d062c6-9f > .kt-inside-inner-col{flex-direction:column;}}@media all and (max-width: 767px){.kadence-column16_d062c6-9f > .kt-inside-inner-col{flex-direction:column;}}<\/style>\n<div class=\"wp-block-kadence-column kadence-column16_d062c6-9f\"><div class=\"kt-inside-inner-col\"><\/div><\/div>\n\n<\/div><\/div>\n\n<style>.kb-row-layout-id16_aad97d-10 > .kt-row-column-wrap{align-content:start;}:where(.kb-row-layout-id16_aad97d-10 > .kt-row-column-wrap) > .wp-block-kadence-column{justify-content:start;}.kb-row-layout-id16_aad97d-10 > .kt-row-column-wrap{column-gap:var(--global-kb-gap-md, 2rem);row-gap:var(--global-kb-gap-md, 2rem);padding-top:var(--global-kb-spacing-sm, 1.5rem);padding-bottom:var(--global-kb-spacing-sm, 1.5rem);grid-template-columns:minmax(0, 1fr);}.kb-row-layout-id16_aad97d-10 > .kt-row-layout-overlay{opacity:0.30;}@media all and (max-width: 1024px){.kb-row-layout-id16_aad97d-10 > .kt-row-column-wrap{grid-template-columns:minmax(0, 1fr);}}@media all and (max-width: 767px){.kb-row-layout-id16_aad97d-10 > .kt-row-column-wrap{grid-template-columns:minmax(0, 1fr);}}<\/style><div class=\"kb-row-layout-wrap kb-row-layout-id16_aad97d-10 alignnone wp-block-kadence-rowlayout\"><div class=\"kt-row-column-wrap kt-has-1-columns kt-row-layout-equal kt-tab-layout-inherit kt-mobile-layout-row kt-row-valign-top\">\n<style>.kadence-column16_118d79-d8 > .kt-inside-inner-col,.kadence-column16_118d79-d8 > .kt-inside-inner-col:before{border-top-left-radius:0px;border-top-right-radius:0px;border-bottom-right-radius:0px;border-bottom-left-radius:0px;}.kadence-column16_118d79-d8 > .kt-inside-inner-col{column-gap:var(--global-kb-gap-sm, 1rem);}.kadence-column16_118d79-d8 > .kt-inside-inner-col{flex-direction:column;}.kadence-column16_118d79-d8 > .kt-inside-inner-col > .aligncenter{width:100%;}.kadence-column16_118d79-d8 > .kt-inside-inner-col:before{opacity:0.3;}.kadence-column16_118d79-d8{position:relative;}@media all and (max-width: 1024px){.kadence-column16_118d79-d8 > .kt-inside-inner-col{flex-direction:column;}}@media all and (max-width: 767px){.kadence-column16_118d79-d8 > .kt-inside-inner-col{flex-direction:column;}}<\/style>\n<div class=\"wp-block-kadence-column kadence-column16_118d79-d8\"><div class=\"kt-inside-inner-col\"><style>.kb-image16_b0f9da-2d.kb-image-is-ratio-size, .kb-image16_b0f9da-2d .kb-image-is-ratio-size{max-width:512px;width:100%;}.wp-block-kadence-column > .kt-inside-inner-col > .kb-image16_b0f9da-2d.kb-image-is-ratio-size, .wp-block-kadence-column > .kt-inside-inner-col > .kb-image16_b0f9da-2d .kb-image-is-ratio-size{align-self:unset;}.kb-image16_b0f9da-2d figure{max-width:512px;}.kb-image16_b0f9da-2d .image-is-svg, .kb-image16_b0f9da-2d .image-is-svg img{width:100%;}.kb-image16_b0f9da-2d .kb-image-has-overlay:after{opacity:0.3;}<\/style>\n<div class=\"wp-block-kadence-image kb-image16_b0f9da-2d\"><figure class=\"aligncenter size-full\"><img loading=\"lazy\" decoding=\"async\" width=\"2139\" height=\"2336\" src=\"https:\/\/homedeco3d.com\/wp-content\/uploads\/2023\/11\/explication-PLA-site-HD3D.png\" alt=\"\" class=\"kb-img wp-image-73\" srcset=\"https:\/\/homedeco3d.com\/wp-content\/uploads\/2023\/11\/explication-PLA-site-HD3D.png 2139w, https:\/\/homedeco3d.com\/wp-content\/uploads\/2023\/11\/explication-PLA-site-HD3D-275x300.png 275w, https:\/\/homedeco3d.com\/wp-content\/uploads\/2023\/11\/explication-PLA-site-HD3D-938x1024.png 938w, https:\/\/homedeco3d.com\/wp-content\/uploads\/2023\/11\/explication-PLA-site-HD3D-768x839.png 768w, https:\/\/homedeco3d.com\/wp-content\/uploads\/2023\/11\/explication-PLA-site-HD3D-1406x1536.png 1406w, https:\/\/homedeco3d.com\/wp-content\/uploads\/2023\/11\/explication-PLA-site-HD3D-1875x2048.png 1875w\" sizes=\"(max-width: 2139px) 100vw, 2139px\" \/><\/figure><\/div>\n<\/div><\/div>\n\n<\/div><\/div>\n\n<style>.wp-block-kadence-advancedheading.kt-adv-heading16_c21bda-71, .wp-block-kadence-advancedheading.kt-adv-heading16_c21bda-71[data-kb-block=\"kb-adv-heading16_c21bda-71\"]{text-align:center;font-size:22px;font-style:normal;color:#62737b;}.wp-block-kadence-advancedheading.kt-adv-heading16_c21bda-71 mark, .wp-block-kadence-advancedheading.kt-adv-heading16_c21bda-71[data-kb-block=\"kb-adv-heading16_c21bda-71\"] mark{font-style:normal;color:#f76a0c;padding-top:0px;padding-right:0px;padding-bottom:0px;padding-left:0px;}<\/style>\n<h2 class=\"kt-adv-heading16_c21bda-71 wp-block-kadence-advancedheading\" data-kb-block=\"kb-adv-heading16_c21bda-71\">Chaque produit est pens\u00e9, dessin\u00e9 et confectionn\u00e9 dans nos bureaux.<br>Ils sont tous enti\u00e8rement personnalisables afin d&#8217;obtenir un objet unique.<\/h2>\n\n\n<style>.wp-block-kadence-advancedheading.kt-adv-heading16_13c173-7e, .wp-block-kadence-advancedheading.kt-adv-heading16_13c173-7e[data-kb-block=\"kb-adv-heading16_13c173-7e\"]{text-align:center;font-size:22px;font-style:normal;color:#62737b;}.wp-block-kadence-advancedheading.kt-adv-heading16_13c173-7e mark, .wp-block-kadence-advancedheading.kt-adv-heading16_13c173-7e[data-kb-block=\"kb-adv-heading16_13c173-7e\"] mark{font-style:normal;color:#f76a0c;padding-top:0px;padding-right:0px;padding-bottom:0px;padding-left:0px;}<\/style>\n<h2 class=\"kt-adv-heading16_13c173-7e wp-block-kadence-advancedheading\" data-kb-block=\"kb-adv-heading16_13c173-7e\"><br>N&#8217;h\u00e9sitez pas \u00e0 nous contacter pour tout projet<\/h2>\n\n\n<style>.wp-block-kadence-advancedbtn.kb-btns16_821f27-b4{gap:var(--global-kb-gap-xs, 0.5rem );justify-content:center;align-items:center;}.kt-btns16_821f27-b4 .kt-button{font-weight:normal;font-style:normal;}.kt-btns16_821f27-b4 .kt-btn-wrap-0{margin-right:5px;}.wp-block-kadence-advancedbtn.kt-btns16_821f27-b4 .kt-btn-wrap-0 .kt-button{color:#555555;border-color:#555555;}.wp-block-kadence-advancedbtn.kt-btns16_821f27-b4 .kt-btn-wrap-0 .kt-button:hover, .wp-block-kadence-advancedbtn.kt-btns16_821f27-b4 .kt-btn-wrap-0 .kt-button:focus{color:#ffffff;border-color:#444444;}.wp-block-kadence-advancedbtn.kt-btns16_821f27-b4 .kt-btn-wrap-0 .kt-button::before{display:none;}.wp-block-kadence-advancedbtn.kt-btns16_821f27-b4 .kt-btn-wrap-0 .kt-button:hover, .wp-block-kadence-advancedbtn.kt-btns16_821f27-b4 .kt-btn-wrap-0 .kt-button:focus{background:#444444;}<\/style>\n<div class=\"wp-block-kadence-advancedbtn kb-buttons-wrap kb-btns16_821f27-b4\"><style>ul.menu .wp-block-kadence-advancedbtn .kb-btn16_abf1dd-e8.kb-button{width:initial;}.wp-block-kadence-advancedbtn .kb-btn16_abf1dd-e8.kb-button{color:#62737b;font-family:Alata;font-weight:400;border-top-color:#7592a0;border-top-style:solid;border-right-color:#7592a0;border-right-style:solid;border-bottom-color:#7592a0;border-bottom-style:solid;border-left-color:#7592a0;border-left-style:solid;box-shadow:1px 1px 2px 0px rgba(0, 0, 0, 0.2);}@media all and (max-width: 1024px){.wp-block-kadence-advancedbtn .kb-btn16_abf1dd-e8.kb-button{border-top-color:#7592a0;border-top-style:solid;border-right-color:#7592a0;border-right-style:solid;border-bottom-color:#7592a0;border-bottom-style:solid;border-left-color:#7592a0;border-left-style:solid;}}@media all and (max-width: 1024px){.kb-btn16_abf1dd-e8.kb-button .kb-svg-icon-wrap{display:block;}}@media all and (max-width: 767px){.wp-block-kadence-advancedbtn .kb-btn16_abf1dd-e8.kb-button{border-top-color:#7592a0;border-top-style:solid;border-right-color:#7592a0;border-right-style:solid;border-bottom-color:#7592a0;border-bottom-style:solid;border-left-color:#7592a0;border-left-style:solid;}}<\/style><a class=\"kb-button kt-button button kb-btn16_abf1dd-e8 kt-btn-size-standard kt-btn-width-type-auto kb-btn-global-outline kt-btn-has-text-true kt-btn-has-svg-false wp-block-kadence-singlebtn\" href=\"https:\/\/homedeco3d.com\/index.php\/contact\/\"><span class=\"kt-btn-inner-text\">nous contacter<\/span><\/a><\/div>\n\n\n\n<p class=\"has-theme-palette-9-color has-text-color has-link-color wp-elements-84e3fcde7f113537b9bfcbb107462716\">dede<\/p>\n","protected":false},"excerpt":{"rendered":"<p>Depuis plusieurs ann\u00e9es, l&#8217;impact du changement climatique sur notre quotidien nous am\u00e8ne \u00e0 repenser notre fa\u00e7on de consommer. Gr\u00e2ce \u00e0 l&#8217;impression 3D, la d\u00e9coration peut enfin rimer avec \u00e9co-responsabilit\u00e9 Chaque produit est pens\u00e9, dessin\u00e9 et confectionn\u00e9 dans nos bureaux.Ils sont tous enti\u00e8rement personnalisables afin d&#8217;obtenir un objet unique. N&#8217;h\u00e9sitez pas \u00e0 nous contacter pour tout&#8230;<\/p>\n","protected":false},"author":1,"featured_media":0,"parent":0,"menu_order":0,"comment_status":"closed","ping_status":"closed","template":"","meta":{"_kad_post_transparent":"","_kad_post_title":"","_kad_post_layout":"","_kad_post_sidebar_id":"","_kad_post_content_style":"","_kad_post_vertical_padding":"","_kad_post_feature":"","_kad_post_feature_position":"","_kad_post_header":false,"_kad_post_footer":false,"footnotes":""},"_links":{"self":[{"href":"https:\/\/homedeco3d.com\/index.php\/wp-json\/wp\/v2\/pages\/16"}],"collection":[{"href":"https:\/\/homedeco3d.com\/index.php\/wp-json\/wp\/v2\/pages"}],"about":[{"href":"https:\/\/homedeco3d.com\/index.php\/wp-json\/wp\/v2\/types\/page"}],"author":[{"embeddable":true,"href":"https:\/\/homedeco3d.com\/index.php\/wp-json\/wp\/v2\/users\/1"}],"replies":[{"embeddable":true,"href":"https:\/\/homedeco3d.com\/index.php\/wp-json\/wp\/v2\/comments?post=16"}],"version-history":[{"count":36,"href":"https:\/\/homedeco3d.com\/index.php\/wp-json\/wp\/v2\/pages\/16\/revisions"}],"predecessor-version":[{"id":356,"href":"https:\/\/homedeco3d.com\/index.php\/wp-json\/wp\/v2\/pages\/16\/revisions\/356"}],"wp:attachment":[{"href":"https:\/\/homedeco3d.com\/index.php\/wp-json\/wp\/v2\/media?parent=16"}],"curies":[{"name":"wp","href":"https:\/\/api.w.org\/{rel}","templated":true}]}}